0 - 10*-2) is divided by v.
7
Suppose -4*x + 3*c = 68, x - 2*x + c - 18 = 0. Let r = x - -24. Calculate the remainder when 26 is divided by r.
6
What is the remainder when 4*4/80 - (-3952)/40 is divided by 20?
19
Let k = 484 + -417. Calculate the remainder when k is divided by 17.
16
Let y = 9 - -20. Let n(m) = -4*m - 33. Let h be -13 + 2 - (-4)/(-16)*0. Calculate the remainder when y is divided by n(h).
7
Calculate the remainder when (-2)/8 + ((-11253)/12)/(-31) is divided by 8.
6
Suppose 0 = 3*j + 5*k - 51, -k = -j + k + 17. Suppose 0 = -5*u - 20, 2*d - 3 = u + j. What is the remainder when 14 is divided by d?
6
Suppose 15 = 5*u - 4*n + 3*n, 0 = -u + 3*n - 11. Let a(t) = t**2 + 20. Let r be a(0). Let c = r + -10. What is the remainder when c is divided by u?
2
Let r = 451 - 64. What is the remainder when r is divided by 39?
36
Suppose 33*j - 192 = 17*j. What is the remainder when 49 is divided by j?
1
Suppose -6*q + 270 = -q + 5*b, -10 = -2*b. Let a = 56 - 20. Let f = a + -19. What is the remainder when q is divided by f?
15
Let z(n) = n**2 + 14*n - 27. Let q(p) = 14*p - 5. Let d be q(-1). Calculate the remainder when z(d) is divided by 18.
14
Calculate the remainder when (-1980)/33*1/(-2) is divided by 17.
13
Suppose 4*z - 292 + 240 = 0. What is the remainder when 86 is divided by z?
8
Let a(v) = 7*v**2 + v. Let k be (-2)/8 - (-73)/4. Suppose -8*t + k = -5*t. Calculate the remainder when a(1) is divided by t.
2
Let p(y) = 4*y - 9*y + 12*y - y**2 + 6 - y**2 - y**3. What is the remainder when 29 is divided by p(-4)?
9
Let h be 2/4*-2*6. Let n = 7 + h. Suppose 3*g - 2 - n = 0. What is the remainder when 2 is divided by g?
0
Suppose 2*l + 52 = 6*l. Let w = -171 - -174. Suppose 3*h + 2*b - 191 = 0, -150 = -w*h + 5*b + l. What is the remainder when h is divided by 21?
19
What is the remainder when 142 is divided by 4 + (22 - -4) - 6?
22
Let d = 27 - 2. What is the remainder when d is divided by -5*(578/(-425))/((-4)/(-10))?
8
Let x be 4*((-11)/(-2) - 3). Suppose 20 = 2*h - x. Let s(d) = 14*d**2 + d - 1. What is the remainder when s(2) is divided by h?
12
Let i = 1082 + -923. What is the remainder when i is divided by 28?
19
Suppose -2*f - 140 = -290. What is the remainder when f is divided by 27?
21
Let t = 45 + -35. What is the remainder when ((-248)/(-20))/(2/t) is divided by 16?
14
Let a(h) = -h + 30. What is the remainder when a(3) is divided by 17?
10
What is the remainder when 53 is divided by (-14 - -2 - -7)*24/(-10)?
5
Suppose -5*v + 3*o + 29 = 0, 5*v - 4*o = 2*v + 24. Suppose -3*k + 4*x + 99 = 0, 83 = v*k - 3*x - 56. Calculate the remainder when k is divided by 8.
5
What is the remainder when 125 is divided by 50/10 + (44/2 - 3)?
5
Let a(s) = -15*s - 88. Calculate the remainder when 109 is divided by a(-8).
13
Let u = 437 + -290. Let n = -59 + u. What is the remainder when n is divided by 31?
26
Let f(z) = -z**3 + 2*z**2 - 1. Let u be f(-1). Suppose -4*q + 5*q - 93 = b, u*q - 186 = 5*b. What is the remainder when q is divided by 48?
45
Let y be 0 - 0*(-5)/(-10). Suppose y = -5*u + 34 + 221. Calculate the remainder when u is divided by 18.
15
Suppose -2*z = 5*y - 300, z + 227 = -2*y + 6*y. What is the remainder when y is divided by 21?
16
Let g be (-2 - -7)*-1*3. Calculate the remainder when (-133)/(-14)*4/2 is divided by g*2/6*-1.
4
Let g(t) = -2*t - 1. Let l be g(2). What is the remainder when (l - -19) + 0 + 3 is divided by 4?
1
Let q(j) = -78*j - 293. Suppose -117 = -0*n - n + 5*f, -4*n = 4*f - 348. What is the remainder when n is divided by q(-4)?
16
Let h(o) = -2 + 3*o - 8 - 8. Let t be h(18). Suppose t = 3*a - a. Calculate the remainder when 69 is divided by a.
15
Let a(h) = h**2 - 60*h + 533. Calculate the remainder when 327 is divided by a(50).
30
Let m = 15 - 2. Calculate the remainder when 93/9*(-2 + 5) is divided by m.
5
Let p = 12 - -56. What is the remainder when p is divided by 28 - (1 + -8 - -12)?
22
Let o be ((-14)/3 + 4)/(2/(-12)). Suppose 3*p = o*a + 327, 0 = 2*a - 6*a. What is the remainder when p is divided by 11?
10
Suppose -2*z = -4*f - 32, z - 6*z + 128 = 2*f. What is the remainder when 113 is divided by z?
17
Let a(y) = y**2 - 18*y - 29. What is the remainder when 44 is divided by a(20)?
0
Let p(m) = -30*m - 719. What is the remainder when p(-30) is divided by 94?
87
Let m = 25 + 64. Let y = m - 54. Calculate the remainder when 64 is divided by y.
29
Let r be 9/(-12)*16/(-6). Let l(u) = -2 + 0 + 4 + r*u. Calculate the remainder when 63 is divided by l(7).
15
Suppose 5*j - 144 = 26. Let x = j + -25. Calculate the remainder when 1 + (17 - 2) + 0 is divided by x.
7
Let o = -17 + 145. What is the remainder when o is divided by 43?
42
Let c(f) = -893*f**3 - 2*f**2 - 4*f - 3. Calculate the remainder when c(-1) is divided by 28.
24
Let w(q) = q**2 - 12*q + 21. Let l be w(12). Calculate the remainder when 47 is divided by l/(-6)*216/(-63).
11
Let s(i) = 2*i**2 + 17*i - 13. Calculate the remainder when 229 is divided by s(2).
26
Let a = -290 + 449. Calculate the remainder when a is divided by 4.
3
Let p(l) = 37*l - 42. Calculate the remainder when 91 is divided by p(2).
27
Let g(l) = l**2 - 6*l - 1. Suppose 0 = 3*o - 3*i + 6*i - 60, 3*o + 4*i - 65 = 0. Calculate the remainder when g(-5) is divided by o.
9
Let s(t) = 495*t - 30. Calculate the remainder when s(2) is divided by 37.
35
Calculate the remainder when ((-1608)/132)/(2/(-22)) is divided by 52.
30
Suppose -3*n - 5*y + 34 = -0*n, 2*y = 10. Let o be (16/n)/((-2)/(-21)). Suppose 0 = -2*w + o. What is the remainder when 83 is divided by w?
27
Let b(d) = 2*d**3 + 5*d**2 - 6*d + 3. Let f be b(-3). Suppose 2*r - f = -r, -r = 3*v - 430. Calculate the remainder when v is divided by 29.
26
Suppose 2*y - 4*y = -2*v - 98, -2*y - v + 107 = 0. Suppose 6*j - y - 38 = 0. What is the remainder when 25 is divided by j?
10
Let q(i) = i - 9 + 17 + 0*i + 27. What is the remainder when 72 is divided by q(-16)?
15
Suppose 5*d = -5*g + 86 - 321, 202 = -4*d + 3*g. Let r = -22 - d. Calculate the remainder when 106 is divided by r.
25
Let v(b) = b**2 - 6*b + 2. Suppose 120 - 698 = -17*t. Calculate the remainder when t is divided by v(8).
16
Suppose -49 = -4*b - 13. Let c = 56 - 30. Suppose -c = -5*n + 194. What is the remainder when n is divided by b?
8
Let b = 40 - 34. Let q be (9/6)/(b/496). Let z = 178 - q. Calculate the remainder when z is divided by 11.
10
Let k = -232 - -166. Let x = k + 105. What is the remainder when x is divided by 21?
18
Let s be ((-1)/((-2)/4))/1. Suppose 0 = -2*q + 5*j + 3, 3*q - 15 - 37 = -s*j. Calculate the remainder when 53 is divided by q.
11
Let x(f) = f**2 - 13*f + 10. Suppose 2*w + 4*b = -12 + 34, w + 4*b = 9. What is the remainder when x(w) is divided by (6/(-4))/(10/(-20))?
1
Let z = 242 + -113. Let x = 229 + -219. Calculate the remainder when z is divided by x.
9
Let t(o) be the second derivative of o**4/12 + 2*o**2 - 3*o. Let w = -3 + 3. Calculate the remainder when 13 is divided by t(w).
1
Let w = 349 - 305. Suppose -2*i - 78 = d - 2*d, d - 74 = 3*i. What is the remainder when d is divided by w?
42
Let w(m) = m + 9. Let q be w(-7). Calculate the remainder when (-1050)/(-33) - q/(-11) is divided by 11.
10
Let f be (-8)/4 + 4 - (21 + 2). Let u = f - -64. What is the remainder when 128 is divided by u?
42
Suppose 794*k + 8877 = 805*k. What is the remainder when k is divided by 54?
51
Let b(o) = o**2 - 13*o + 39. What is the remainder when b(16) is divided by 19?
11
Suppose -36 = 3*v - 9. Let z = v + 18. Suppose 138 = z*d - 3*d. What is the remainder when 112 is divided by d?
20
Let z(x) = 16*x + 21 - 33*x + 15*x. Let h be z(-7). Suppose 3*a + 8 = h. What is the remainder when a is divided by 5?
4
Suppose 2*c + 4*r = 80, 2*c - 34 = c + 4*r. Suppose o - 1 = -5*m, 0*o = -4*m + 2*o - 2. Suppose y + 3*y - 80 = m. What is the remainder when c is divided by y?
18
Let n(r) = 16*r**2 + r. What is the remainder when 602/6 + (-11)/297*9 is divided by n(1)?
15
Let s be (0 - -1)/((-2)/(-18)). Suppose d + 3*x - 3 = 2*x, -2*d - 5*x = -s. Suppose d*f - 5*f + 114 = 0. What is the remainder when f is divided by 10?
8
Suppose 112*n - 2*w = 113*n - 35, -4*w = -28. What is the remainder when n is divided by (-6)/4*-2*4?
9
Suppose h - 5*z = 83 - 56, 0 = 2*h + 3*z - 28. Le